3 is divided by 78?
77
Calculate the remainder when 6414 is divided by 117.
96
What is the remainder when 2006 is divided by 712?
582
What is the remainder when 83547 is divided by 237?
123
Calculate the remainder when 16222 is divided by 15999.
223
Calculate the remainder when 12034 is divided by 21.
1
Calculate the remainder when 7281 is divided by 52.
1
What is the remainder when 187060 is divided by 119?
111
Calculate the remainder when 1298 is divided by 240.
98
What is the remainder when 21522 is divided by 4245?
297
What is the remainder when 37222 is divided by 58?
44
Calculate the remainder when 35951 is divided by 57.
41
Calculate the remainder when 13084 is divided by 4359.
7
Calculate the remainder when 123263 is divided by 32.
31
What is the remainder when 39102 is divided by 9773?
10
Calculate the remainder when 2318 is divided by 64.
14
Calculate the remainder when 137810 is divided by 524.
522
Calculate the remainder when 140696 is divided by 70342.
12
Calculate the remainder when 389040 is divided by 40.
0
What is the remainder when 109647 is divided by 270?
27
What is the remainder when 449434 is divided by 54?
46
Calculate the remainder when 65374 is divided by 12.
10
What is the remainder when 52522 is divided by 54?
34
Calculate the remainder when 75745 is divided by 3786.
25
Calculate the remainder when 12033 is divided by 19.
6
What is the remainder when 6591 is divided by 3292?
7
What is the remainder when 5858 is divided by 509?
259
What is the remainder when 109867 is divided by 12204?
31
What is the remainder when 258455 is divided by 33?
32
Calculate the remainder when 18423 is divided by 52.
15
Calculate the remainder when 9050 is divided by 1863.
1598
What is the remainder when 1326736 is divided by 21?
19
Calculate the remainder when 228533 is divided by 76177.
2
What is the remainder when 10504 is divided by 5250?
4
Calculate the remainder when 43838 is divided by 72.
62
Calculate the remainder when 448 is divided by 186.
76
What is the remainder when 1553411 is divided by 84?
83
Calculate the remainder when 2923 is divided by 36.
7
Calculate the remainder when 41969 is divided by 31.
26
What is the remainder when 9198 is divided by 574?
14
Calculate the remainder when 2408 is divided by 179.
81
What is the remainder when 1591313 is divided by 674?
673
Calculate the remainder when 639 is divided by 319.
1
Calculate the remainder when 130673 is divided by 91.
88
Calculate the remainder when 6118 is divided by 36.
34
Calculate the remainder when 1604 is divided by 93.
23
What is the remainder when 57969 is divided by 34?
33
What is the remainder when 3998 is divided by 401?
389
What is the remainder when 8865 is divided by 295?
15
Calculate the remainder when 71433 is divided by 2165.
2153
What is the remainder when 16180 is divided by 3176?
300
What is the remainder when 211 is divided by 53?
52
What is the remainder when 761 is divided by 235?
56
Calculate the remainder when 138379 is divided by 46123.
10
Calculate the remainder when 6169 is divided by 121.
119
Calculate the remainder when 2025 is divided by 23.
1
Calculate the remainder when 2013 is divided by 326.
57
Calculate the remainder when 4916 is divided by 410.
406
What is the remainder when 47106 is divided by 888?
42
What is the remainder when 19944 is divided by 6622?
78
What is the remainder when 7958 is divided by 175?
83
What is the remainder when 1134 is divided by 965?
169
What is the remainder when 4699 is divided by 4683?
16
Calculate the remainder when 11456 is divided by 2288.
16
Calculate the remainder when 1712 is divided by 596.
520
Calculate the remainder when 25804 is divided by 29.
23
Calculate the remainder when 2395 is divided by 221.
185
What is the remainder when 8992 is divided by 16?
0
Calculate the remainder when 64787 is divided by 153.
68
What is the remainder when 759 is divided by 40?
39
Calculate the remainder when 2968 is divided by 429.
394
What is the remainder when 364009 is divided by 5353?
5
What is the remainder when 1027 is divided by 56?
19
What is the remainder when 11996 is divided by 66?
50
What is the remainder when 66799 is divided by 293?
288
What is the remainder when 43655 is divided by 68?
67
What is the remainder when 8242 is divided by 748?
14
What is the remainder when 26467 is divided by 950?
817
What is the remainder when 48205 is divided by 3212?
25
What is the remainder when 1337 is divided by 581?
175
What is the remainder when 38494 is divided by 50?
44
What is the remainder when 757 is divided by 513?
244
What is the remainder when 3191 is divided by 210?
41
What is the remainder when 3158 is divided by 3157?
1
What is the remainder when 12872 is divided by 2305?
1347
What is the remainder when 39363 is divided by 199?
160
Calculate the remainder when 3457 is divided by 20.
17
What is the remainder when 21039 is divided by 1402?
9
What is the remainder when 46041 is divided by 102?
39
What is the remainder when 2000 is divided by 440?
240
Calculate the remainder when 11694 is divided by 2331.
39
Calculate the remainder when 26107 is divided by 1243.
4
Calculate the remainder when 9811 is divided by 65.
61
Calculate the remainder when 4897 is divided by 1627.
16
What is the remainder when 2608 is divided by 1879?
729
Calculate the remainder when 981 is divided by 724.
257
Calculate the remainder when 547716 is divided by 129.
111
Calculate the remainder when 11480 is divided by 261.
257
What is the remainder when 97512 is divided by 40?
32
Calculate the remainder when 1851 is divided by 34.
15
What is the remainder when 10972 is divided by 45?
37
Calculate the remainder when 2662 is divided by 22.
0
What is the remainder when 6041 is divided by 404?
385
Calculate the remainder when 53602 is divided by 362.
26
What is the remainder when 20159 is divided by 1830?
29
What is the remainder when 6068 is divided by 36?
20
What is the remainder when 14983 is divided by 59?
56
What is the remainder when 148189 is divided by 365?
364
What is the remainder when 290 is divided by 188?
102
What is the remainder when 2062 is divided by 865?
332
Calculate the remainder when 61009 is divided by 1298.
3
Calculate the remainder when 2393 is divided by 141.
137
What is the remainder when 1864 is divided by 1833?
31
What is the remainder when 16970 is divided by 653?
645
Calculate the remainder when 271016 is divided by 1882.
8
Calculate the remainder when 9947 is divided by 3288.
83
What is the remainder when 33930 is divided by 707?
701
What is the remainder when 223279 is divided by 16?
15
Calculate the remainder when 102120 is divided by 19.
14
What is the remainder when 1351 is divided by 367?
250
What is the remainder when 1505 is divided by 431?
212
Calculate the remainder when 484 is divided by 163.
158
What is the remainder when 5814 is divided by 183?
141
Calculate the remainder when 6167 is divided by 5907.
260
What is the remainder when 1982 is divided by 15?
2
Calculate the remainder when 46324 is divided by 23162.
0
What is the remainder when 74486 is divided by 438?
26
Calculate the remainder when 1819 is divided by 1020.
799
What is the remainder when 1642 is divided by 145?
47
What is the remainder when 1517 is divided by 345?
137
What is the remainder when 11600 is divided by 2893?
28
What is the remainder when 2135 is divided by 2092?
43
Calculate the remainder when 14346 is divided by 167.
151
What is the remainder when 4680 is divided by 25?
5
Calculate the remainder when 977567 is divided by 22.
19
What is the remainder when 25569 is divided by 12777?
15
Calculate the remainder when 206580 is divided by 51.
30
What is the remainder when 16848 is divided by 1796?
684
Calculate the remainder when 293527 is divided by 985.
982
What is the remainder when 13125 is divided by 4074?
903
What is the remainder when 98926 is divided by 8?
6
Calculate the remainder when 165481 is divided by 34.
3
Calculate the remainder when 82085 is divided by 16410.
35
Calculate the remainder when 11571 is divided by 207.
186
What is the remainder when 40008 is divided by 911?
835
Calculate the remainder when 61792 is divided by 2685.
37
Calculate the remainder when 10111 is divided by 16.
15
What is the remainder